+ -26)).
4
What is the value of -3 + (3 - -2) + (1 - (19 + -4))?
-12
Evaluate 38 - 24 - 18 - -17.
13
What is (-18 + 15 - 9) + 20?
8
Evaluate -1 + (-3 - 2 - -9).
3
-2 + -20 - 6 - (7 + -19)
-16
What is the value of 12 + -35 + 12 + -8 - 2?
-21
What is the value of 5 - (32 - (33 + -8))?
-2
What is the value of (-5 + 18 + -50 - (5 - -1)) + 12?
-31
What is the value of -4 + 0 - (-230 + 255)?
-29
What is 14 + 0 + -4 + 4 - 2?
12
What is -8 + 3 + -68 + 83?
10
What is -77 + 16 + 7 + 30?
-24
Evaluate (154 - 156) + (2 - -23).
23
What is -112 + 104 - (-19 + 1 + -1)?
11
What is the value of -1 + 8 + 863 + -869?
1
What is (17 + 6 - 19) + -2 + 8?
10
What is the value of -2 - (-6 + 12 - (0 + 2) - -2)?
-8
What is the value of -6 + 10 - 9 - (-14 + 26)?
-17
Calculate 6 + -5 + (8 - (5 + 1) - 14).
-11
Calculate -4 + 2 - (-2 - 11 - (23 + -33)).
1
Calculate (4 - 27 - (-1 - 9)) + 10.
-3
What is -35 - 16 - -21 - -21?
-9
Evaluate 24 + 1 + -2 + -22 + (0 - 0).
1
95 + -81 - (-4 - -9 - (-2 + 1))
8
15 + 3 + 10 + (4 - 18)
14
What is -18 + 1 + (-1 - -21 - (19 - -3))?
-19
6 + (10 + 11 - 34)
-7
Calculate 26 - (30 + -25 + 13).
8
What is 3 - 1 - 4 - (-18 + -1 - -17)?
0
What is -27 + 36 - (9 - 2) - -1?
3
Evaluate 8 + 1 + -1 - (0 + -8 + 47).
-31
What is the value of -8 + (-10 - -2) + (-18 - -23)?
-11
What is -6 + (4 - 4 - -4) - (92 - 82)?
-12
Evaluate (-15 - (-5 + 1 + -5)) + 6 + -6.
-6
Calculate 6 + -11 + -6 + 12 - (1 - -11).
-11
What is the value of 17 - ((39 - 46) + (13 - 4))?
15
Calculate -8 + (23 - 3) + -17.
-5
Evaluate (-3 - -3) + (-14 + 1 - -22).
9
(12 - (2 - 2) - (-68 - -75)) + 7
12
What is 22 - (-16 + 18 - -32)?
-12
Calculate (-3 - (-4 - (1 - -1))) + (49 - 54).
-2
Calculate -29 - (-17 - -14) - -20.
-6
Evaluate (-10 + 0 - (-30 + 7)) + 13.
26
(4 - (11 - -6)) + (-1 - -1)
-13
Calculate 0 + -4 + -50 + 34 - (8 + -8).
-20
-2 + (-1 + 0 + -15 - (135 + -138))
-15
What is -14 + -19 + (1 - -18)?
-14
Evaluate -17 - (-20 - (-5 - 32)).
-34
Calculate (-2 - 7 - -26) + (-1 - (0 + 0)).
16
What is the value of -7 + (-8 - -9) + 1 + 2 + -28?
-31
Calculate -13 - (9 - (-7 - (4 + -22))).
-11
What is 26 + 0 - ((-68 - 17) + 100)?
11
29 + 11 + -10 + -11
19
What is the value of (-1 - -7) + -15 - (3 + -3)?
-9
What is -35 - ((1 - 8 - 0 - -3) + -1)?
-30
What is -3 - (679 - 685 - (-1 - (-1 - 9)))?
12
Calculate (-5 - -30 - 2) + 2 + -13.
12
What is the value of 1 - (-27 + 12 + -12 + (1 - -5))?
22
Calculate -7 + 3 + 15 + 29 + -37.
3
71 + -75 - (5 + -1) - -5
-3
Calculate -8 + -26 + 16 + (-10 + 9 - 4).
-23
0 + (-2 + 1 - -12) - (8 + -3)
6
8 + (-7 - 9 - -8)
0
Evaluate (45 - 22) + -34 + 6.
-5
What is 1 - (-11 + -10 + 59 + -11)?
-26
What is -6 + 4 + 11 + 3 + -2 + -6?
4
What is (12 + -10 - (5 + 1)) + -6 - -6?
-4
Calculate (8 - -5) + -10 - 3.
0
(-15 - -11) + 18 + (8 - 39)
-17
Calculate 3 + -31 - ((-7 - -9) + 0 - -3).
-33
(-1179 - -1208) + (-48 - 1)
-20
What is the value of 1 + -5 + 13 + 3?
12
Evaluate (15 - (59 - 24)) + 15.
-5
What is 0 - (1 + -1 - 4) - (4 + -11)?
11
-22 - ((-2 - -28) + -39)
-9
Calculate (-4 - 3) + 7 + 3 + -2 + -2.
-1
Evaluate 64 - (37 - 22) - 29.
20
Evaluate -11 + 7 + 0 + 14 + (3 - 2).
11
1 + 6 - (5 + (-5 - (-2 + 0)))
5
Evaluate -25 + -3 + -7 + -3 + 21.
-17
Calculate 23 - (2 - -8 - (-16 - -8 - -8)).
13
-25 - (-7 - (8 + -4 + 0 + -3))
-17
What is (-2 + -12 - -4) + -34 + 34?
-10
Calculate 30 + (-28 - -8 - 2).
8
What is 5 + -4 + (6 - 11) + -2?
-6
21 + -15 - (0 + 18)
-12
Calculate 25 - (2 - (-1 + 13 - 14)).
21
What is the value of 1 + (14 - (9 + (-11 - -1)))?
16
What is (-5 + 21 - (-1 + 4 - -4)) + -30?
-21
Evaluate 12 - ((-1 - 2 - -8) + (1 - 1)).
7
Calculate 5 + -1 + -7 + -12 + (0 - -2).
-13
Calculate 0 + -22 - (12 - 53).
19
Calculate -161 - -156 - (-2 - 1).
-2
What is (10 - 0 - -3 - 3) + -7?
3
Evaluate 17 + (-12 - 9 - -16) + 12.
24
What is the value of 3 - (-3 - 2) - (0 + (1 - -2))?
5
Evaluate -22 + 14 - (-2 + -14).
8
What is the value of -31 - 1 - (-1708 - -1690)?
-14
What is the value of 3 - -1 - (-4 - -14 - (7 + -8))?
-7
(-16 - -62 - 11 - 8) + -16
11
What is the value of 4 + 4 + (0 + 2 - (3 + -2))?
9
(-13 - -15) + 13 + -8
7
36 + -14 - (-4 - -12) - 4
10
What is the value of ((-1 - -6) + 1 - 5) + (6 - -3)?
10
Evaluate 32 + -12 + -16 + -1 + 1.
4
Evaluate 16 - (-19 + 5 + -60 + 58).
32
-3 + -5 + 0 + (6 - (-10 + 14))
-6
-3 + -1 + (7 - 1 - (-31 + 12))
21
What is (-3 - -1 - -18) + (-1167 - -1151)?
0
Calculate -93 + 84 + (2 - (5 + -3 - 1)).
-8
-14 + 3 + 2 + (-4 - 0) + 2
-11
Evaluate 15 + (-10 - -4) + 0 + 0.
9
Evaluate 8 + 4 + -4 + (4 - 5) - -9.
16
What is the value of 13 + (-12 - (7 + 4))?
-10
-4 - -1 - 21 - -12
-12
Calculate 6 - (35 - (10 + 10)).
-9
What is 2 - (-9 + (-23 - -39))?
-5
What is the value of -3 + 4 + 11 - 5 - (7 + 15)?
-15
What is 14 + -18 + -2 - (2 + 5 + 3)?
-16
What is 1 - ((-11 - 2) + (69 - 47))?
-8
Evaluate (10 - 0) + -1 + 16 + -27 + -18.
-20
(-6 - (-13 + 2)) + -29 + 21
-3
What is 12 + -1 - (-113 - -135 - (-3 + 34))?
20
-563 - -590 - (10 + (0 + 3 - 2))
16
What is the value of (-26 - (-2 - 12)) + 3 + 34?
25
Calculate (12 - 35) + 13 + 0 + -3.
-13
What is the value of -2 - (0 - (1 - -2)) - (83 - 86)?
4
17 + (-1 + 0 - -1) + -8 + 1
10
What is (-11 + -2 - -3) + (11 - 0 - 9)?
-8
-2 - (3 - 5) - 12
-12
What is the value of 4 + (-52 + 49 - (1 + 1))?
-1
What is the value of 12 + (-40 - (-4 + -4 + 2))?
-22
(-24 - (-8 + 8)) + 8 + 10 + 3
-3
(46 - 45) + (-1 + 3 + -5 - -7)
5
What is the value of 11 + -2 + -6 + (-15 - 3) + 4?
-11
What is the value of 11 + 8 + -16 + -1 + 12?
14
What is -2 - (2 + -1 - (-7 - -1))?
-9
0 - 5 - (0 + -3 + 14)
-16
Calculate (-2 - (5 - 5)) + 1 + -1 + 1.
-1
Calculate -3 + -7 + 5 + (10 - 7) - -15.
13
What is the value of 13 + -12 + (-6 - -10) + -3?
2
Calculate -24 + (9 - 6 - -8).
-13
What is 12 + 7 + -10 + 1?
10
-7 + (-6 - -43) + -9 + 0 - 9
12
Evaluate -6 + 11 + -2 + -4 + 0.
-1
What is the value of (6 - 4 - -2) + 2 + -4?
2
3 + -1 - (3 - 7 - 3)
9
What is the value of -42 + 20 + 22 - 8?
-8
(-43 - -21) + 6 - 6
-22
-18 + -23 + (43 - 15)
-13
-2963 + 2957 - (0 + 1 - (3 + 1))
-3
Calculate -10 + 1 + (-3 - -13) - 7.
-6
What is 12 + (-2 + 0 - -3) + (-16 - -16)?
13
Calculate -2 - 2 - -12 - (14 + 7).
-13
What is (-13 - -16) + 2 + (-10 - -1)?
-4
Calculate -15 + 32 + 8 - 30.
-5
What is the value of (-16 - -40) + -2 + (4 - -2)?
28
Evaluate 0 + (-3 - -17) - (-9 + 18 - 7).
12
What is the value of -1 + 10 + 2 + (-6 - 1) + 6?
10
Evaluate (1 - 2) + -1 + -3 - 1.
-6
What is the value of 2 + -4 + 2 - (-13 - (3 - 11))?
5
Calculate -31 - (-10 - 7) - 15.
-29
Evaluate -8 + 6 + -3 + 6.
1
30 - 0 - (-65 + 82)
13
What is -7 + -1 - ((-1 - 0) + (221 - 221))?
-7
21 + (-9 + -6 - -5)
11
What is the value of -11 - (24 + -26) - -30?
21
13 + -18 + (0 + 22 - (12 - 9))
14
Evaluate 0 - (-16 - -11 - (0 - 3)) - 5.
-3
Calculate 13 - (13 - ((-4 - 2) + 9)).
3
What is the value of -2 - -1 - ((86 - 96) + 0 + 13)?
-4
(-32 - -32) + -1 - 29
-30
What is the value of (0 - -17) + -13 + (21 - 15) - 5?
5
What is the value of 22 + -5 - (1 + 0 - -4)?
12
What is -17 + -2 - (9 - 15 - 3)?
-10
Calculate -10 - ((-152 - -140) + (-1 - -11)) - -21.
13
24 + -9 + -16 + 0
-1
Evaluate -6 - (1 - (2 + -8) - (-11 + 5)).
-19
Evaluate 122 + -119 + (3 - -18).
24
Calculate 0 + 17 + 1 + 17 + 9 + -29.
15
Calculate -4 - 2 - (1 - 9 - 11) - -1.
14
-8 + -1 - (-52 - -13 - -19 - -4)
7
Evaluate (-22 - -2) + 32 + 3.
15
What is 60 + -9 - (16 - 18) - 21?
32
What is 12 + (3 + -7 + 2 + 5 - -1)?
16
(0 - -14) + -6 + 1 - 7
2
Calculate -125 + 108 + (16 - -3).
2
Calculate -1 - (-2 - -9) - -12.
4
What is -6 + 18 + 2 + -8 + -1 - -5?
10
-12 + (3 + -10 - -15) + 13
9
Calculate 15 + (-9 - 27) - -30.
9
What is the value of 2 + 5 + -10 + (0 - -9)?
6
What is the value of (4 - 5) + 11 - 10?
0
What is (49 - 30 - 28) + 2 + 18?
11
What is (-1 - 2 - -55) + (-30 - -8) + 10?
40
Calculate -20 + 6 + -3 - (-90 + 84).
-11
Calculate -3 + 5 + (-18 - 5 - 6).
-27
(-1 - 0 - -9) + (660 - 682)
-14
What is 0 + 1 - -1 - (4 + 15 + -22)?
5
Calculate (3 - 0 - (-45 - -47) - 5) + 10.
6
What is 0 + 16 + (29 + -26 - -4)?
23
What is (2 - -6) + 28 + -31 - 25?
-20
What is 1 + 1 - -7 - (16 - -7)?
-14
What is the value of (-3 - 3) + 1 - (0 + 4 - 6)?
-3
Evaluate (-215 - -255) + 0 + -23.
17
Evaluate 7 + -8 + 5 + (7 - 21).
-10
What is 27 + -21 + 20 + -55?
-29
Calculate (-7 - -29) + -36 + 7.
-7
What is 1 + -4 + (12 - (9 